4628 is divided by 1132.
100
What is the remainder when 3878 is divided by 663?
563
Calculate the remainder when 2088386 is divided by 15.
11
Calculate the remainder when 4670 is divided by 331.
36
Calculate the remainder when 133793 is divided by 88.
33
What is the remainder when 716 is divided by 252?
212
Calculate the remainder when 61664 is divided by 623.
610
Calculate the remainder when 800 is divided by 73.
70
What is the remainder when 1431300 is divided by 35?
10
Calculate the remainder when 29563 is divided by 1285.
8
Calculate the remainder when 14215 is divided by 2366.
19
Calculate the remainder when 2419244 is divided by 37.
36
What is the remainder when 5911 is divided by 1285?
771
Calculate the remainder when 25627 is divided by 331.
140
What is the remainder when 69383 is divided by 177?
176
Calculate the remainder when 40022 is divided by 102.
38
Calculate the remainder when 101351 is divided by 55.
41
What is the remainder when 3815117 is divided by 6?
5
What is the remainder when 11614 is divided by 193?
34
What is the remainder when 320836 is divided by 320836?
0
What is the remainder when 2109 is divided by 163?
153
What is the remainder when 1591 is divided by 1398?
193
Calculate the remainder when 1960 is divided by 102.
22
Calculate the remainder when 78832 is divided by 15.
7
Calculate the remainder when 16800 is divided by 316.
52
What is the remainder when 5002 is divided by 2484?
34
What is the remainder when 41825 is divided by 13937?
14
Calculate the remainder when 31005 is divided by 52.
13
What is the remainder when 295787 is divided by 112?
107
What is the remainder when 9616 is divided by 329?
75
What is the remainder when 2727272 is divided by 1475?
1472
What is the remainder when 11063 is divided by 11007?
56
What is the remainder when 18609 is divided by 18555?
54
Calculate the remainder when 931443 is divided by 13.
6
Calculate the remainder when 59514 is divided by 428.
22
Calculate the remainder when 166 is divided by 147.
19
What is the remainder when 910 is divided by 82?
8
What is the remainder when 121428 is divided by 4?
0
What is the remainder when 368 is divided by 39?
17
Calculate the remainder when 291 is divided by 68.
19
Calculate the remainder when 624307 is divided by 299.
294
What is the remainder when 461501 is divided by 73?
68
What is the remainder when 5889 is divided by 164?
149
Calculate the remainder when 774642 is divided by 41.
29
Calculate the remainder when 10503 is divided by 101.
100
What is the remainder when 215323 is divided by 133?
129
Calculate the remainder when 18644 is divided by 9.
5
What is the remainder when 10510 is divided by 37?
2
Calculate the remainder when 8692 is divided by 9.
7
Calculate the remainder when 466860 is divided by 3383.
6
Calculate the remainder when 4983 is divided by 711.
6
Calculate the remainder when 1017 is divided by 351.
315
What is the remainder when 3118 is divided by 46?
36
Calculate the remainder when 1675 is divided by 1639.
36
What is the remainder when 87270 is divided by 1430?
40
Calculate the remainder when 30 is divided by 19.
11
What is the remainder when 3344 is divided by 3117?
227
What is the remainder when 10945 is divided by 1376?
1313
What is the remainder when 6633 is divided by 1016?
537
What is the remainder when 13086 is divided by 40?
6
Calculate the remainder when 624 is divided by 572.
52
Calculate the remainder when 3377 is divided by 84.
17
What is the remainder when 2064 is divided by 253?
40
What is the remainder when 13348697 is divided by 725?
722
What is the remainder when 3319 is divided by 203?
71
What is the remainder when 887 is divided by 53?
39
Calculate the remainder when 12338 is divided by 12313.
25
What is the remainder when 2424 is divided by 481?
19
What is the remainder when 35473 is divided by 8863?
21
Calculate the remainder when 1351 is divided by 261.
46
What is the remainder when 20259 is divided by 526?
271
What is the remainder when 79974 is divided by 465?
459
Calculate the remainder when 219641 is divided by 73210.
11
What is the remainder when 836049 is divided by 259?
256
What is the remainder when 11079 is divided by 11006?
73
Calculate the remainder when 94091 is divided by 91.
88
Calculate the remainder when 42948 is divided by 25.
23
Calculate the remainder when 27718 is divided by 12.
10
What is the remainder when 26425 is divided by 357?
7
Calculate the remainder when 114839 is divided by 413.
25
What is the remainder when 3808 is divided by 228?
160
What is the remainder when 1409 is divided by 468?
5
What is the remainder when 7631 is divided by 103?
9
What is the remainder when 10778 is divided by 664?
154
Calculate the remainder when 6052 is divided by 122.
74
Calculate the remainder when 837 is divided by 85.
72
What is the remainder when 335763 is divided by 55?
43
What is the remainder when 59326 is divided by 309?
307
Calculate the remainder when 33653 is divided by 122.
103
What is the remainder when 23738 is divided by 4411?
1683
Calculate the remainder when 141051 is divided by 644.
15
Calculate the remainder when 19260 is divided by 57.
51
What is the remainder when 606316 is divided by 106?
102
Calculate the remainder when 15870 is divided by 3841.
506
Calculate the remainder when 1602 is divided by 787.
28
What is the remainder when 49076 is divided by 62?
34
What is the remainder when 218615 is divided by 76?
39
Calculate the remainder when 121 is divided by 62.
59
What is the remainder when 425388 is divided by 37?
36
What is the remainder when 37362 is divided by 9338?
10
What is the remainder when 242 is divided by 44?
22
What is the remainder when 3033 is divided by 121?
8
Calculate the remainder when 276571 is divided by 87.
85
Calculate the remainder when 10637 is divided by 66.
11
Calculate the remainder when 255 is divided by 88.
79
Calculate the remainder when 5169 is divided by 179.
157
What is the remainder when 12026 is divided by 135?
11
Calculate the remainder when 6904 is divided by 908.
548
Calculate the remainder when 6644 is divided by 68.
48
What is the remainder when 200315 is divided by 160?
155
What is the remainder when 1094 is divided by 127?
78
What is the remainder when 31692 is divided by 1665?
57
What is the remainder when 85915 is divided by 472?
11
Calculate the remainder when 2670195 is divided by 395.
390
Calculate the remainder when 76502 is divided by 38251.
0
Calculate the remainder when 3891 is divided by 943.
119
Calculate the remainder when 11877 is divided by 109.
105
What is the remainder when 3829 is divided by 3594?
235
What is the remainder when 2298 is divided by 122?
102
Calculate the remainder when 31308 is divided by 15600.
108
What is the remainder when 314972 is divided by 10?
2
What is the remainder when 20076 is divided by 467?
462
What is the remainder when 39531 is divided by 35?
16
What is the remainder when 41442 is divided by 135?
132
What is the remainder when 157755 is divided by 58?
53
Calculate the remainder when 180503 is divided by 552.
551
What is the remainder when 6873 is divided by 112?
41
Calculate the remainder when 6507 is divided by 649.
17
What is the remainder when 54150 is divided by 52?
18
What is the remainder when 7409 is divided by 172?
13
Calculate the remainder when 11459 is divided by 273.
266
Calculate the remainder when 5006 is divided by 611.
118
Calculate the remainder when 259 is divided by 177.
82
What is the remainder when 436116 is divided by 18?
12
What is the remainder when 4611 is divided by 850?
361
Calculate the remainder when 134528 is divided by 202.
198
Calculate the remainder when 37286 is divided by 355.
11
Calculate the remainder when 3620 is divided by 255.
50
What is the remainder when 462607 is divided by 11283?
4
Calculate the remainder when 6626 is divided by 310.
116
Calculate the remainder when 620 is divided by 157.
149
Calculate the remainder when 35198 is divided by 489.
479
What is the remainder when 129128 is divided by 1266?
1262
What is the remainder when 73691 is divided by 24562?
5
What is the remainder when 358660 is divided by 13?
3
Calculate the remainder when 4833 is divided by 605.
598
Calculate the remainder when 320933 is divided by 258.
2